 - 8. Let n be s(-6). Determine a(n).
-3
Suppose 33 = 2*o + 3*o + 2*m, m - 20 = -3*o. Let r = -4 + o. Let u(v) = v**3 - 5*v**2 + 3*v + 1. Determine u(r).
-8
Let i(j) = -3*j - j**3 + 6*j + 3*j**2 - 4*j + 4. Let g be i(3). Let w(a) = -6*a - 2. Let d(b) = -b - 1. Let z(n) = -d(n) + w(n). Calculate z(g).
-6
Suppose x - 27 = -2*x. Let q be 38/x + (-26)/117. Let w(l) = l - 2. What is w(q)?
2
Let z(a) = -2*a**3 + 2*a**2 + 2*a + 1. Let g be z(-1). Let s(h) = h + 1. What is s(g)?
4
Let l(w) be the third derivative of -5*w**4/12 - w**3/6 + 14*w**2. Give l(-1).
9
Let x(j) = 6 + 10*j - 3 - 3*j. What is x(-2)?
-11
Let x(z) = -z**3 + 5*z**2 - 5*z + 6. Let f be x(4). Let m(k) = k**f + 3*k - 6 + 3 + 3. Calculate m(-3).
0
Suppose -3 = -3*s, 0*s + 2*s - 23 = -3*a. Let f = -3 - -7. Let t(z) = -f*z + z + 2*z - a. What is t(0)?
-7
Let h(z) be the first derivative of -z**4/4 + z**3/3 + z**2/2 + z - 1. Let a be 1 - (-2 - -1)*-1. Let g = a - 1. Determine h(g).
2
Let c be 4/6*-6 - (1 + -4). Let i(y) be the first derivative of y**2 + 1. Determine i(c).
-2
Let u(d) be the first derivative of d**3/3 + 9*d**2/2 + 3*d - 26. Calculate u(-6).
-15
Let y be ((-1)/(-2))/((-3)/24). Let s(c) = -c**3 - 5*c**2 - 2*c + 3. Calculate s(y).
-5
Let c(f) be the second derivative of f**3/6 - 7*f**2/2 + f. Let q = 0 + 2. Suppose 3*b = -s - 3, b - s = -q*b + 3. Determine c(b).
-7
Let u(s) = -s - 5. Let h(w) = 3*w + 16. Let d(l) = -3*h(l) - 8*u(l). What is d(-4)?
-4
Let g = 34 + -6. Suppose -5*q = -8 + g. Let a(n) = -n + 4. Determine a(q).
8
Let o(c) = 8*c + 6. Let u(p) = -9*p - 7. Let b(r) = 6*o(r) + 5*u(r). What is b(1)?
4
Let f(z) = -z + z - 4*z + 2*z. Calculate f(3).
-6
Let c(k) = 3*k - 1. Let b(x) = -2*x + 1. Let q(n) = -11*b(n) - 6*c(n). What is q(5)?
15
Let s(i) be the first derivative of i**3/3 + 7*i**2/2 + i - 1. Suppose -6*j = -4*j - 2*u + 12, -4*j - 4*u - 16 = 0. Calculate s(j).
-9
Let v = -49 - -55. Let k(f) = -4*f**2 + 9*f. Let b(i) = 3*i**2 - 8*i + 1. Let s(c) = -3*b(c) - 2*k(c). Give s(v).
-3
Let y(h) = h - 1. Let p = 9 + -6. Suppose 3*c = -4*i + 5, -p*i - 3 = 2*c - 7. Determine y(c).
-2
Let d(h) = -h**3 + 3*h**2 - 2*h - 3. Let n(z) = -4*z + 20. Let s be n(4). Give d(s).
-27
Suppose 4 = 2*u - 0*u. Let i be (-4)/(-3) - 4/(-6). Let j(c) = -i + c**2 - u + 3 - c. Determine j(3).
5
Let a = -1 - -4. Let q = 10 - 9. Let c(o) = 0 + 5 - q + o**2 - 4*o. Give c(a).
1
Let u = 8 - 5. Let m(w) = 2*w**u + 2*w**2 + 2*w**2 + 2*w**3 - 3*w**3. What is m(-2)?
8
Let c(w) = -w - 4. Suppose 5*x = z + 25, -4*x - 9 = 3*z + 2*z. What is c(z)?
1
Let t(s) = -s**3 - 9*s**2 + s + 10. Let q be t(-9). Let v(x) = 2*x - 7*x + x - x - q. Let r be (1 + 1)*(-3)/(-3). Calculate v(r).
-11
Let p(w) = w**2 - 7*w + 7. Let t(m) = 2*m - 5. Let q be t(6). Give p(q).
7
Let t be (-1 + -5)/(6/4). Let q(b) = b**3 + 3*b**2 - 4*b - 2. Calculate q(t).
-2
Let p(f) = f**3 + 4*f**2 + 2*f - 2. Suppose -2*l + 1 - 3 = 0. Let b = -2 + l. Give p(b).
1
Let h(j) be the third derivative of j**6/360 - j**5/120 - j**4/24 + 2*j**3/3 + 7*j**2. Let t(c) be the first derivative of h(c). Determine t(1).
-1
Let c be 3*7/3 - -3. Suppose -4*k - 3*u + 0*u = -c, 3*k - 6 = -3*u. Let j(m) = 4*m + 5. Let p(n) = -n - 1. Let s(o) = j(o) + 3*p(o). Give s(k).
6
Let h(j) = -j - j + 3*j - 8 + 1. Calculate h(-5).
-12
Let n(p) = 2*p**2 - 5*p - 2. Let m(u) = -u**2 - 11*u + 9. Let c be m(-12). Let b(s) = -s**2. Let g(r) = c*b(r) - n(r). Give g(-4).
-2
Let m(g) = -g**2 - 4*g + 3. Let k(u) = -7*u - 9. Let y be k(-4). Let z = -17 + y. What is m(z)?
-9
Let j(a) = -5*a**3 + a**2. Suppose -12*r + 16 = 4. Give j(r).
-4
Suppose 0*t + 4*t - 58 = y, 2 = -y. Let f be (-4)/t - 5/7. Let h(u) = -7*u**3 - u + 1. Let v(r) = -13*r**3 - 3*r + 2. Let l(z) = -7*h(z) + 3*v(z). Give l(f).
-9
Let b(h) be the third derivative of -h**4/24 + h**3/6 - 17*h**2. Calculate b(3).
-2
Let c be (1/(-2))/(2/12). Let j(k) be the third derivative of k**6/120 + k**5/15 + k**4/8 - k**3/3 + 2*k**2. Determine j(c).
-2
Let q = 2 + -1. Let z(l) = 2*l + 0*l + q - l + 0. Calculate z(-3).
-2
Let i(y) = -3*y**3 + 2*y**2 - 2*y - 7. Suppose -d - 5*t = -10, 5*t - 32 + 7 = -4*d. Let l(m) = 2*m**3 - m**2 + m + 3. Let a(s) = d*l(s) + 2*i(s). Give a(-1).
-5
Let c = -2 - -4. Let h(z) = 2 - z**c + 5*z**2 - 3*z**2. Let t(p) = -p**2 - 2*p + 1. Let i be t(1). What is h(i)?
6
Let a(g) be the first derivative of -2*g**3/3 - 13*g**2/2 - g + 1. Let j(w) = -3*w**2 - 19*w - 2. Let f(v) = 7*a(v) - 5*j(v). What is f(-5)?
8
Let q(y) be the second derivative of y**4/12 + y**3 - 2*y**2 + 3*y. Determine q(-7).
3
Let b(o) = o + 7. Let j = 11 + -16. Determine b(j).
2
Suppose -o - 78 = -4*v - 0*v, 0 = -v - 4*o + 11. Suppose 0 = 4*g - 1 - v. Let r(w) = -g*w + 6*w + 8*w - 1. Calculate r(-1).
-10
Let n(k) = -4*k. Let o(c) = c**2 + 1. Let g(s) = -n(s) + o(s). Calculate g(-5).
6
Suppose 0 = -6*g + 2*g. Let h be (g - 0/(-2))*1. Let u(f) = 5 - 4*f + 5 + 3*f - 2. Determine u(h).
8
Let b(a) = a**3 + 6*a**2 - a - 10. Let o be b(-6). Let w(m) = -m**3 - 3*m**2 + 5*m + 6. What is w(o)?
2
Suppose -3*o = -2 - 7. Let b be (o/(-2))/((-3)/32). Suppose -9 = -5*f + b. Let n(m) = -m + 4. Give n(f).
-1
Let u = -3 - -5. Let q(j) = 3 + 1 - 2*j + j**2 + 1 - u. Suppose 12 = -w + 4*w. Calculate q(w).
11
Let r(u) = -u**2 - 11*u + 10. Let v = -21 - -10. Determine r(v).
10
Let t(y) = -y**2 - 9*y + 11. Let x(a) = a**3 + 3*a**2 + 2*a - 4. Let h be x(-3). Let n be t(h). Let j(w) = -2*w + 5 - n + 1 + w. What is j(4)?
1
Let y(o) = -o - 7*o + o**3 - 7 + 2*o**2 - 10*o**2. What is y(9)?
2
Suppose -3*s - 6*v + 3*v = 6, 4*v + 3 = s. Let i(q) be the third derivative of 3*q**4/8 - q**3/6 - 28*q**2. Determine i(s).
-10
Let f(s) = -14*s**2 + 2*s + 1. Let n be f(-1). Let i be (1/(-3))/(1/n). Let w(q) = q + 0*q - 2*q + 2 + 0. Give w(i).
-3
Let q(c) = c**3 + 6*c**2 - 7*c + 5. Let n = 13 + -20. Determine q(n).
5
Let i(x) = x + 8*x + 2 - 4*x - 4*x. Let l(z) = -z**2 + 6*z + 8. Let m be l(6). Let j = 6 - m. Determine i(j).
0
Let l(x) = 5*x**2 + 5*x - 1. Let u(v) = v**2 - 1. Let g(c) = -l(c) + 6*u(c). Suppose 5*z + i - 29 = 0, 2*z - 5*z = 2*i - 23. Determine g(z).
-5
Let o(c) be the third derivative of 0 - 7/24*c**4 - 1/120*c**6 - 1/6*c**3 - 9*c**2 + 0*c - 1/10*c**5. Calculate o(-5).
9
Let l(z) = 13*z - 21. Let g(x) = 8*x - 14. Let m(q) = -8*g(q) + 5*l(q). What is m(0)?
7
Let g = -3 - -7. Let s(q) = -q + q - q + 0*q - g. Determine s(-4).
0
Let l be (2/(-2))/1*3. Let b(n) be the second derivative of n**5/20 + n**4/6 - n**3/2 + 3*n**2/2 + 2*n + 29. Calculate b(l).
3
Let l(q) = q - 2. Let i be 2/3 + (-60)/(-18). Give l(i).
2
Let b(s) = -s**2 - 10*s + 2. Let x(o) = 2*o**2 + 19*o - 4. Let q(m) = 11*b(m) + 6*x(m). What is q(-4)?
-2
Let d(f) be the third derivative of f**6/120 - f**5/60 - f**4/24 + 26*f**2. Let g(x) = -x**2 - 2*x - 1. Let i be g(-1). Calculate d(i).
0
Let k(h) = -h + 8. Let m be k(6). Let i(p) = -m - 2 - 2*p + p. Calculate i(3).
-7
Let x(h) = -1. Let p(f) = 2*f**2 - 6*f - 5. Let k(j) = -p(j) + 6*x(j). Calculate k(4).
-9
Suppose 4*k - 7 = 1. Let r(m) = -m**3 - 2*m + 0*m**k - 5*m + 2*m + m**2. Let h(p) = -p**3 + 2*p**2 - 6*p + 1. Let z(v) = 2*h(v) - 3*r(v). Determine z(-2).
-8
Let a(m) = 3*m + 10. Let y be a(-4). Let c(u) be the first derivative of -u**2/2 + u + 3. Determine c(y).
3
Let r(g) = g. Suppose -2*n + 12 = 2*i, -5*i = 3*n + 3 - 23. Suppose -1 = -s + i. What is r(s)?
2
Let z(h) be the third derivative of 0 + 0*h**4 - 1/60*h**5 + 2*h**2 + 0*h + 1/60*h**6 + 1/6*h**3. Suppose -3*s + 3*i = -2*s + 8, -i = -3. What is z(s)?
2
Suppose w + 6 = r - 22, 5*r - 50 = 2*w. Let q be 2/(-5) - 12/w. Let m(g) = -2 - g**3 - g**2 + 4 + 0*g**2. Calculate m(q).
2
Let p(x) = 4*x**3 - 1. Let a be p(-1). Let m(j) = j**2 + 5*j - 5. What is m(a)?
-5
Let w(g) be the second derivative of -g**3/6 - 2*g**2 + 4*g. Determine w(-6).
2
Let g(f) = 6*f**2 + 2*f - 8. Let v(r) = -r**2 - r + 1. Let h(t) = -g(t) - 5*v(t). What is h(5)?
-7
Let q(d) = -2*d**2 + 7*d - 5. Suppose 29 - 1 = 5*n - 4*i, 5*i = 2*n - 18. Calculate q(n).
-9
Suppose -2*r + 3 = -q + 10, 2*r + 22 = -2*q. Let j be (-50)/(-18) - r/27. Let h(t) = -1 - 3*t**3 + 0*t**2 + 2*t**j - 2*t - 4*t**2. Calculate h(-3).
-4
Let j(x) = 5*x - 18. Let w(c) = 2*c - 6. Let q(n) = -4*j(n) + 11*w(n). Let o be ((-1)/(-2) - 1) + 275/(-50). Give q(o).
-6
Let d(